{"id":26,"date":"2025-04-16T10:03:02","date_gmt":"2025-04-16T08:03:02","guid":{"rendered":"https:\/\/l-ortie.fr\/?page_id=26"},"modified":"2025-04-17T13:44:45","modified_gmt":"2025-04-17T11:44:45","slug":"contact","status":"publish","type":"page","link":"https:\/\/l-ortie.fr\/index.php\/contact\/","title":{"rendered":"Contact"},"content":{"rendered":"\n<div class=\"wp-block-group alignfull has-background has-global-padding is-layout-constrained wp-container-core-group-is-layout-2de2ce88 wp-block-group-is-layout-constrained\" style=\"background-color:#e9f3f585;padding-top:8rem;padding-right:0;padding-bottom:8rem;padding-left:0\">\n<div class=\"wp-block-media-text alignwide has-media-on-the-right is-stacked-on-mobile is-image-fill-element\" style=\"margin-right:0;margin-left:0;padding-right:0;padding-left:0;grid-template-columns:auto 51%\"><div class=\"wp-block-media-text__content\">\n<div class=\"wp-block-group has-global-padding is-layout-constrained wp-container-core-group-is-layout-0395af79 wp-block-group-is-layout-constrained\" style=\"padding-top:4.51rem;padding-right:2.71rem;padding-bottom:4.51rem;padding-left:0\">\n<p class=\"has-text-align-right has-text-color has-link-color wp-elements-bedb17834b18f6655594fd132df966fa\" style=\"color:#733b36;font-size:clamp(0.984rem, 0.984rem + ((1vw - 0.2rem) * 0.938), 1.5rem);\">\u00e9quilibre alimentaire<\/p>\n\n\n\n<p class=\"has-text-align-right has-text-color has-link-color wp-elements-9c5d733d3b3bd9a32d7cd3ac025378f8\" style=\"color:#733b36;font-size:clamp(0.984rem, 0.984rem + ((1vw - 0.2rem) * 0.938), 1.5rem);\">sant\u00e9 cardiovasculaire<\/p>\n\n\n\n<p class=\"has-text-align-right has-text-color has-link-color wp-elements-622bfcda4fc2f1bb7bff66e1ee070b42\" style=\"color:#733b36;font-size:clamp(0.984rem, 0.984rem + ((1vw - 0.2rem) * 0.938), 1.5rem);\">diab\u00e8te<\/p>\n\n\n\n<p class=\"has-text-align-right has-text-color has-link-color wp-elements-93eed0e7fb185ca6f9f93983bb3fd496\" style=\"color:#733b36;font-size:clamp(0.984rem, 0.984rem + ((1vw - 0.2rem) * 0.938), 1.5rem);\">confort digestif<\/p>\n\n\n\n<p class=\"has-text-align-right has-text-color has-link-color wp-elements-036a5f52089a63e65c979f1a50613ad4\" style=\"color:#733b36;font-size:clamp(0.984rem, 0.984rem + ((1vw - 0.2rem) * 0.938), 1.5rem);\">bien \u00eatre de la femme<\/p>\n<\/div>\n\n\n\n<div class=\"wp-block-buttons is-layout-flex wp-block-buttons-is-layout-flex\">\n<div class=\"wp-block-button has-custom-width wp-block-button__width-100\"><a class=\"wp-block-button__link has-background has-text-align-center wp-element-button\" href=\"https:\/\/www.doctolib.fr\/dieteticien\/blere\/lore-borremans\" style=\"background-color:#6393a6\">Prenez rendez-vous<\/a><\/div>\n<\/div>\n<\/div><figure class=\"wp-block-media-text__media\"><img loading=\"lazy\" decoding=\"async\" width=\"683\" height=\"1024\" src=\"http:\/\/l-ortie.fr\/wp-content\/uploads\/2025\/04\/pexels-olenkabohovyk-3604314-683x1024.jpg\" alt=\"\" class=\"wp-image-95 size-full\" style=\"object-position:50% 50%\" srcset=\"https:\/\/l-ortie.fr\/wp-content\/uploads\/2025\/04\/pexels-olenkabohovyk-3604314-683x1024.jpg 683w, https:\/\/l-ortie.fr\/wp-content\/uploads\/2025\/04\/pexels-olenkabohovyk-3604314-200x300.jpg 200w, https:\/\/l-ortie.fr\/wp-content\/uploads\/2025\/04\/pexels-olenkabohovyk-3604314-768x1152.jpg 768w, https:\/\/l-ortie.fr\/wp-content\/uploads\/2025\/04\/pexels-olenkabohovyk-3604314-1024x1536.jpg 1024w, https:\/\/l-ortie.fr\/wp-content\/uploads\/2025\/04\/pexels-olenkabohovyk-3604314-1365x2048.jpg 1365w, https:\/\/l-ortie.fr\/wp-content\/uploads\/2025\/04\/pexels-olenkabohovyk-3604314-scaled.jpg 1707w\" sizes=\"auto, (max-width: 683px) 100vw, 683px\" \/><\/figure><\/div>\n<\/div>\n\n\n\n<section class=\"wp-block-group alignfull has-text-color has-global-padding is-layout-constrained wp-container-core-group-is-layout-5e70687f wp-block-group-is-layout-constrained\" style=\"color:#3e3e3e;margin-top:0rem;padding-right:1rem;padding-left:1rem;font-size:clamp(0.875rem, 0.875rem + ((1vw - 0.2rem) * 0.464), 1.13rem);font-style:normal;font-weight:400;line-height:1.5\">\n<div class=\"wp-block-group has-background has-global-padding is-layout-constrained wp-container-core-group-is-layout-484a691e wp-block-group-is-layout-constrained\" style=\"background-color:#f2cbbd;padding-top:6rem;padding-bottom:6rem\">\n<div class=\"wp-block-columns is-layout-flex wp-container-core-columns-is-layout-e042d399 wp-block-columns-is-layout-flex\" style=\"margin-top:50px\">\n<div class=\"wp-block-column has-global-padding is-layout-constrained wp-container-core-column-is-layout-29cfd2c5 wp-block-column-is-layout-constrained\">\n<div class=\"wp-block-group is-vertical is-content-justification-center is-layout-flex wp-container-core-group-is-layout-3ef15092 wp-block-group-is-layout-flex\">\n<figure class=\"wp-block-image size-thumbnail is-resized\"><img loading=\"lazy\" decoding=\"async\" width=\"150\" height=\"150\" src=\"https:\/\/l-ortie.fr\/wp-content\/uploads\/2025\/04\/zphone-150x150.png\" alt=\"\" class=\"wp-image-129\" style=\"object-fit:cover;width:37px;height:auto\" srcset=\"https:\/\/l-ortie.fr\/wp-content\/uploads\/2025\/04\/zphone-150x150.png 150w, https:\/\/l-ortie.fr\/wp-content\/uploads\/2025\/04\/zphone-300x300.png 300w, https:\/\/l-ortie.fr\/wp-content\/uploads\/2025\/04\/zphone.png 512w\" sizes=\"auto, (max-width: 150px) 100vw, 150px\" \/><\/figure>\n\n\n\n<p class=\"has-text-align-center has-text-color has-link-color wp-elements-8e7398071d54f8f9d55075f8e2e02c7e\" style=\"color:#585858;font-size:clamp(14px, 0.875rem + ((1vw - 3.2px) * 0.455), 18px);\"><strong>+33 (0) 6 98 52 12 09<\/strong><\/p>\n<\/div>\n<\/div>\n\n\n\n<div class=\"wp-block-column has-global-padding is-layout-constrained wp-container-core-column-is-layout-29cfd2c5 wp-block-column-is-layout-constrained\">\n<div class=\"wp-block-group is-vertical is-content-justification-center is-layout-flex wp-container-core-group-is-layout-3ef15092 wp-block-group-is-layout-flex\">\n<figure class=\"wp-block-image size-full is-resized\"><img loading=\"lazy\" decoding=\"async\" width=\"256\" height=\"256\" src=\"http:\/\/l-ortie.fr\/wp-content\/uploads\/2025\/04\/zmail.png\" alt=\"\" class=\"wp-image-127\" style=\"width:44px;height:auto\" srcset=\"https:\/\/l-ortie.fr\/wp-content\/uploads\/2025\/04\/zmail.png 256w, https:\/\/l-ortie.fr\/wp-content\/uploads\/2025\/04\/zmail-150x150.png 150w\" sizes=\"auto, (max-width: 256px) 100vw, 256px\" \/><\/figure>\n\n\n\n<p class=\"has-text-align-center has-text-color has-link-color wp-elements-fe2cdf3ce01e2c47fa7c0ca28a1fd5b4\" style=\"color:#585858;font-size:clamp(14px, 0.875rem + ((1vw - 3.2px) * 0.455), 18px);\"><strong>lortie.diet@proton.me<\/strong><\/p>\n<\/div>\n<\/div>\n\n\n\n<div class=\"wp-block-column has-global-padding is-layout-constrained wp-container-core-column-is-layout-29cfd2c5 wp-block-column-is-layout-constrained\">\n<div class=\"wp-block-group is-vertical is-content-justification-center is-layout-flex wp-container-core-group-is-layout-3ef15092 wp-block-group-is-layout-flex\">\n<figure class=\"wp-block-image size-full is-resized\"><img loading=\"lazy\" decoding=\"async\" width=\"512\" height=\"512\" src=\"http:\/\/l-ortie.fr\/wp-content\/uploads\/2025\/04\/mapmarker_120273.webp\" alt=\"\" class=\"wp-image-130\" style=\"width:60px;height:auto\" srcset=\"https:\/\/l-ortie.fr\/wp-content\/uploads\/2025\/04\/mapmarker_120273.webp 512w, https:\/\/l-ortie.fr\/wp-content\/uploads\/2025\/04\/mapmarker_120273-300x300.webp 300w, https:\/\/l-ortie.fr\/wp-content\/uploads\/2025\/04\/mapmarker_120273-150x150.webp 150w\" sizes=\"auto, (max-width: 512px) 100vw, 512px\" \/><\/figure>\n\n\n\n<p class=\"has-text-align-center has-text-color has-link-color wp-elements-bf12ad740119d132afe504e590208517\" style=\"color:#585858;padding-top:0;padding-bottom:0;font-size:clamp(14px, 0.875rem + ((1vw - 3.2px) * 0.455), 18px);line-height:0.3\"><strong>5, rue Jacques-Yves Cousteau,<\/strong><\/p>\n\n\n\n<p class=\"has-text-align-center has-text-color has-link-color wp-elements-761c332ded7c2415ee95db1bbf89720a\" style=\"color:#585858;padding-top:0;padding-bottom:0;font-size:clamp(14px, 0.875rem + ((1vw - 3.2px) * 0.455), 18px);line-height:0.3\"><strong>37150 Bl\u00e9r\u00e9<\/strong><\/p>\n<\/div>\n<\/div>\n<\/div>\n<\/div>\n<\/section>\n\n\n\n<div class=\"wp-block-group has-background has-global-padding is-layout-constrained wp-container-core-group-is-layout-d2bb6286 wp-block-group-is-layout-constrained\" style=\"border-radius:0px;background-color:#00341e;padding-right:0;padding-bottom:30px;padding-left:0\">\n<div style=\"height:20px\" aria-hidden=\"true\" class=\"wp-block-spacer\"><\/div>\n\n\n<\/div>\n\n\n\n<p><\/p>\n","protected":false},"excerpt":{"rendered":"<p>\u00e9quilibre alimentaire sant\u00e9 cardiovasculaire diab\u00e8te confort digestif bien \u00eatre de la femme +33 (0) 6 98 52 12 09 lortie.diet@proton.me 5, rue Jacques-Yves Cousteau, 37150 Bl\u00e9r\u00e9<\/p>\n","protected":false},"author":1,"featured_media":0,"parent":0,"menu_order":0,"comment_status":"closed","ping_status":"closed","template":"","meta":{"footnotes":""},"class_list":["post-26","page","type-page","status-publish","hentry"],"_links":{"self":[{"href":"https:\/\/l-ortie.fr\/index.php\/wp-json\/wp\/v2\/pages\/26","targetHints":{"allow":["GET"]}}],"collection":[{"href":"https:\/\/l-ortie.fr\/index.php\/wp-json\/wp\/v2\/pages"}],"about":[{"href":"https:\/\/l-ortie.fr\/index.php\/wp-json\/wp\/v2\/types\/page"}],"author":[{"embeddable":true,"href":"https:\/\/l-ortie.fr\/index.php\/wp-json\/wp\/v2\/users\/1"}],"replies":[{"embeddable":true,"href":"https:\/\/l-ortie.fr\/index.php\/wp-json\/wp\/v2\/comments?post=26"}],"version-history":[{"count":15,"href":"https:\/\/l-ortie.fr\/index.php\/wp-json\/wp\/v2\/pages\/26\/revisions"}],"predecessor-version":[{"id":189,"href":"https:\/\/l-ortie.fr\/index.php\/wp-json\/wp\/v2\/pages\/26\/revisions\/189"}],"wp:attachment":[{"href":"https:\/\/l-ortie.fr\/index.php\/wp-json\/wp\/v2\/media?parent=26"}],"curies":[{"name":"wp","href":"https:\/\/api.w.org\/{rel}","templated":true}]}}