{"id":14,"date":"2025-04-16T10:03:58","date_gmt":"2025-04-16T08:03:58","guid":{"rendered":"https:\/\/l-ortie.fr\/?page_id=14"},"modified":"2025-04-18T11:08:32","modified_gmt":"2025-04-18T09:08:32","slug":"presentation","status":"publish","type":"page","link":"https:\/\/l-ortie.fr\/index.php\/presentation\/","title":{"rendered":"Pr\u00e9sentation"},"content":{"rendered":"\n<div class=\"wp-block-group alignfull has-background has-global-padding is-layout-constrained wp-container-core-group-is-layout-2de2ce88 wp-block-group-is-layout-constrained\" style=\"background-color:#e9f3f585;padding-top:8rem;padding-right:0;padding-bottom:8rem;padding-left:0\">\n<div class=\"wp-block-media-text alignwide has-media-on-the-right is-stacked-on-mobile\" style=\"margin-right:0;margin-left:0;padding-right:0;padding-left:0\"><div class=\"wp-block-media-text__content\">\n<div class=\"wp-block-group has-global-padding is-layout-constrained wp-container-core-group-is-layout-0395af79 wp-block-group-is-layout-constrained\" style=\"padding-top:4.51rem;padding-right:2.71rem;padding-bottom:4.51rem;padding-left:0\">\n<h2 class=\"wp-block-heading has-text-align-left has-text-color has-link-color has-prata-regular-font-family wp-elements-2cd65b7d7b70a36b0f6d491f406b4393\" style=\"color:#733b36;font-size:clamp(1.502rem, 1.502rem + ((1vw - 0.2rem) * 1.815), 2.5rem);font-style:normal;font-weight:400;letter-spacing:2px;text-transform:capitalize\">Pr\u00e9sentation<\/h2>\n\n\n\n<p class=\"has-text-color has-link-color wp-elements-8fc216e7f66ac76695ea8e90b03839d5\" style=\"color:#733b36;font-size:clamp(0.875rem, 0.875rem + ((1vw - 0.2rem) * 0.464), 1.13rem);\">J\u2019aime manger et prendre soin du corps qui me porte. C\u2019est donc naturellement que j\u2019ai obtenu mon dipl\u00f4me de bachelier en di\u00e9t\u00e9tique \u00e0 la Haute Ecole Leonard de Vinci, \u00e0 Bruxelles.<\/p>\n\n\n\n<p class=\"has-text-color has-link-color wp-elements-664efa3778538f3b97e2dd135cd1a284\" style=\"color:#733b36\">Cela m\u2019a permis d\u2019exercer le m\u00e9tier de di\u00e9t\u00e9ticienne-nutritionniste pendant 10 ans. J\u2019ai ador\u00e9 accompagner des personnes aux profils diversifi\u00e9s, qui souhaitaient r\u00e9\u00e9quilibrer leur alimentation, perdre du poids ou am\u00e9liorer leur sant\u00e9.<\/p>\n\n\n\n<p class=\"has-text-color has-link-color wp-elements-ae1ce8bfd46d858c7a2f3e513bbacd12\" style=\"color:#733b36\">Mais ma passion pour la nature a fini par me faire quitter la vie citadine Bruxelloise pour une vie de campagne au bord de l\u2019Indre. J\u2019en ai profit\u00e9 pour suivre la formation de 3 ans en \u2018plantes et sant\u00e9\u2019 \u00e0 l\u2019\u00e9cole des plantes de Paris, afin d\u2019approfondir la connaissance des v\u00e9g\u00e9taux qui nous entourent, apprendre \u00e0 les cuisiner et les utiliser pour leurs vertus th\u00e9rapeutiques.<\/p>\n\n\n\n<p class=\"has-text-color has-link-color wp-elements-e448b082b55066dd1c8e709cc4010b4c\" style=\"color:#733b36\">Pour moi, la phytoth\u00e9rapie s\u2019inscrit dans la continuit\u00e9 de la di\u00e9t\u00e9tique : augmenter sa vitalit\u00e9, pr\u00e9server sa sant\u00e9 et soulager certains maux.<\/p>\n<\/div>\n<\/div><figure class=\"wp-block-media-text__media\"><img loading=\"lazy\" decoding=\"async\" width=\"683\" height=\"1024\" src=\"http:\/\/l-ortie.fr\/wp-content\/uploads\/2025\/04\/pexels-ioanamtc-7521495-683x1024.jpg\" alt=\"\" class=\"wp-image-78 size-full\" srcset=\"https:\/\/l-ortie.fr\/wp-content\/uploads\/2025\/04\/pexels-ioanamtc-7521495-683x1024.jpg 683w, https:\/\/l-ortie.fr\/wp-content\/uploads\/2025\/04\/pexels-ioanamtc-7521495-200x300.jpg 200w, https:\/\/l-ortie.fr\/wp-content\/uploads\/2025\/04\/pexels-ioanamtc-7521495-768x1152.jpg 768w, https:\/\/l-ortie.fr\/wp-content\/uploads\/2025\/04\/pexels-ioanamtc-7521495-1024x1536.jpg 1024w, https:\/\/l-ortie.fr\/wp-content\/uploads\/2025\/04\/pexels-ioanamtc-7521495-1365x2048.jpg 1365w, https:\/\/l-ortie.fr\/wp-content\/uploads\/2025\/04\/pexels-ioanamtc-7521495-scaled.jpg 1707w\" sizes=\"auto, (max-width: 683px) 100vw, 683px\" \/><\/figure><\/div>\n<\/div>\n\n\n\n<section class=\"wp-block-group alignfull has-text-color has-background has-global-padding is-layout-constrained wp-container-core-group-is-layout-5e70687f wp-block-group-is-layout-constrained\" style=\"color:#3e3e3e;background-color:#f2cbbd;margin-top:0rem;padding-right:1rem;padding-left:1rem;font-size:clamp(0.875rem, 0.875rem + ((1vw - 0.2rem) * 0.464), 1.13rem);font-style:normal;font-weight:400;line-height:1.5\">\n<div class=\"wp-block-group has-global-padding is-layout-constrained wp-container-core-group-is-layout-484a691e wp-block-group-is-layout-constrained\" style=\"padding-top:6rem;padding-bottom:6rem\">\n<h2 class=\"wp-block-heading has-text-align-center has-text-color has-link-color has-prata-regular-font-family wp-elements-8f4c4b9167c11c90110e8098fa260962\" style=\"color:#733b36;font-size:clamp(1.502rem, 1.502rem + ((1vw - 0.2rem) * 1.815), 2.5rem);font-style:normal;font-weight:400;letter-spacing:2px;text-transform:capitalize\">Dipl\u00f4mes et formations<\/h2>\n\n\n\n<div class=\"wp-block-columns is-layout-flex wp-container-core-columns-is-layout-e042d399 wp-block-columns-is-layout-flex\" style=\"margin-top:50px\">\n<div class=\"wp-block-column has-global-padding is-layout-constrained wp-container-core-column-is-layout-29cfd2c5 wp-block-column-is-layout-constrained\">\n<div class=\"wp-block-group is-vertical is-content-justification-center is-layout-flex wp-container-core-group-is-layout-3ef15092 wp-block-group-is-layout-flex\">\n<p class=\"has-text-align-center has-text-color has-link-color wp-elements-551ce38010d83bbfd0ece97201ddbfca\" style=\"color:#733b36;font-size:clamp(14px, 0.875rem + ((1vw - 3.2px) * 0.455), 18px);\"><strong>Dipl\u00f4me de di\u00e9t\u00e9tique<\/strong><\/p>\n\n\n\n<p class=\"has-text-align-center has-text-color has-link-color wp-elements-a31c97856b446105e7f7327e6a629a92\" style=\"color:#733b36;font-size:clamp(14px, 0.875rem + ((1vw - 3.2px) * 0.455), 18px);\">Bachelier en di\u00e9t\u00e9tique \u00e0 la Haute \u00e9cole L\u00e9onard de Vinci, Bruxelles<\/p>\n\n\n\n<p class=\"has-text-color has-link-color wp-elements-e0e1c3f5fb18f22d2f2ce76f128c8a1b\" style=\"color:#733b36\">num\u00e9ro RPPS : 10110805891 <\/p>\n<\/div>\n<\/div>\n\n\n\n<div class=\"wp-block-column has-global-padding is-layout-constrained wp-container-core-column-is-layout-29cfd2c5 wp-block-column-is-layout-constrained\">\n<div class=\"wp-block-group is-vertical is-content-justification-center is-layout-flex wp-container-core-group-is-layout-3ef15092 wp-block-group-is-layout-flex\">\n<p class=\"has-text-align-center has-text-color has-link-color wp-elements-011ac37a03b5a9db378391c44fc5d23e\" style=\"color:#733b36;font-size:clamp(14px, 0.875rem + ((1vw - 3.2px) * 0.455), 18px);\"><strong>Formations en di\u00e9t\u00e9tique<\/strong><\/p>\n\n\n\n<p class=\"has-text-align-center has-text-color has-link-color wp-elements-588e1fe7cd2107ceadd87bd5a216175b\" style=\"color:#733b36\">Alimentation intuitive \u00e0 l\u2019Association Fran\u00e7aise des Di\u00e9t\u00e9ticiens Nutritionnistes<\/p>\n\n\n\n<p class=\"has-text-align-center has-text-color has-link-color wp-elements-d1bdc364b09bb2e72a5ce696e107fc4a\" style=\"color:#733b36;font-size:clamp(14px, 0.875rem + ((1vw - 3.2px) * 0.455), 18px);\">Alimentation pauvre en FODMAP \u00e0 l\u2019Association Fran\u00e7aise des Di\u00e9t\u00e9ticiens Nutritionnistes<\/p>\n<\/div>\n<\/div>\n\n\n\n<div class=\"wp-block-column has-global-padding is-layout-constrained wp-container-core-column-is-layout-29cfd2c5 wp-block-column-is-layout-constrained\">\n<div class=\"wp-block-group is-vertical is-content-justification-center is-layout-flex wp-container-core-group-is-layout-3ef15092 wp-block-group-is-layout-flex\">\n<p class=\"has-text-align-center has-text-color has-link-color wp-elements-b3ea4919fc7a6f78d638c714006858f4\" style=\"color:#733b36;font-size:clamp(14px, 0.875rem + ((1vw - 3.2px) * 0.455), 18px);\"><strong>Formation d\u2019herbaliste<\/strong><\/p>\n\n\n\n<p class=\"has-text-align-center has-text-color has-link-color wp-elements-14057ce071b31a0ac6ea24c0ca77c172\" style=\"color:#733b36\">Plantes et sant\u00e9, dipl\u00f4me sup\u00e9rieur de l\u2019Ecole des Plantes de Paris<\/p>\n<\/div>\n<\/div>\n<\/div>\n<\/div>\n<\/section>\n\n\n\n<div class=\"wp-block-cover alignfull\" style=\"padding-top:120px;padding-bottom:200px;min-height:672px;aspect-ratio:unset;\"><img loading=\"lazy\" decoding=\"async\" width=\"1024\" height=\"683\" class=\"wp-block-cover__image-background wp-image-84 size-large\" alt=\"\" src=\"http:\/\/l-ortie.fr\/wp-content\/uploads\/2025\/04\/pexels-karolina-grabowska-4871216-1024x683.jpg\" data-object-fit=\"cover\" srcset=\"https:\/\/l-ortie.fr\/wp-content\/uploads\/2025\/04\/pexels-karolina-grabowska-4871216-1024x683.jpg 1024w, https:\/\/l-ortie.fr\/wp-content\/uploads\/2025\/04\/pexels-karolina-grabowska-4871216-300x200.jpg 300w, https:\/\/l-ortie.fr\/wp-content\/uploads\/2025\/04\/pexels-karolina-grabowska-4871216-768x512.jpg 768w, https:\/\/l-ortie.fr\/wp-content\/uploads\/2025\/04\/pexels-karolina-grabowska-4871216-1536x1024.jpg 1536w, https:\/\/l-ortie.fr\/wp-content\/uploads\/2025\/04\/pexels-karolina-grabowska-4871216-2048x1365.jpg 2048w\" sizes=\"auto, (max-width: 1024px) 100vw, 1024px\" \/><span aria-hidden=\"true\" class=\"wp-block-cover__background has-background-dim-40 has-background-dim\" style=\"background-color:#0b0b0b\"><\/span><div class=\"wp-block-cover__inner-container has-global-padding is-layout-constrained wp-block-cover-is-layout-constrained\">\n<div class=\"wp-block-group has-global-padding is-layout-constrained wp-container-core-group-is-layout-ebe15cfa wp-block-group-is-layout-constrained\">\n<div class=\"wp-block-group is-vertical is-content-justification-stretch is-layout-flex wp-container-core-group-is-layout-9965dbc4 wp-block-group-is-layout-flex\" style=\"padding-top:0;padding-right:2.01rem;padding-bottom:0;padding-left:2.01rem\">\n<p class=\"has-text-align-center has-text-color\" style=\"color:#f2cbbd;font-size:clamp(0.984rem, 0.984rem + ((1vw - 0.2rem) * 0.938), 1.5rem);font-style:normal;font-weight:400\">Envie de vous reconnecter \u00e0 vos sensations de faim ?<\/p>\n\n\n\n<p class=\"has-text-color has-link-color wp-elements-b4cf36354767fdf281e65ad7dabb317c\" style=\"color:#f2cbbd;font-size:clamp(0.984rem, 0.984rem + ((1vw - 0.2rem) * 0.938), 1.5rem);font-style:normal;font-weight:400\">Envie de stabiliser votre glyc\u00e9mie, tel un \u00e9quilibriste ?<\/p>\n\n\n\n<p class=\"has-text-align-center has-text-color has-link-color wp-elements-77fd70b8fdf31a137e059be5826b9128\" style=\"color:#f2cbbd;font-size:clamp(0.984rem, 0.984rem + ((1vw - 0.2rem) * 0.938), 1.5rem);font-style:normal;font-weight:400\">Envie de faire baisser votre tension art\u00e9rielle ?<\/p>\n\n\n\n<div class=\"wp-block-buttons is-content-justification-center is-layout-flex wp-container-core-buttons-is-layout-f9602b72 wp-block-buttons-is-layout-flex\" style=\"margin-top:2.01rem;margin-bottom:2.01rem\">\n<div class=\"wp-block-button is-style-fill\"><a class=\"wp-block-button__link has-text-color has-background has-custom-font-size wp-element-button\" href=\"https:\/\/www.doctolib.fr\/dieteticien\/blere\/lore-borremans\" style=\"border-radius:20px;color:#ffffff;background-color:#6393a6;padding-top:9px;padding-right:40px;padding-bottom:9px;padding-left:40px;font-size:clamp(0.875rem, 0.875rem + ((1vw - 0.2rem) * 0.464), 1.13rem);font-style:normal;font-weight:300;letter-spacing:2px;text-transform:uppercase\">Prenez-rendez-vous<\/a><\/div>\n<\/div>\n<\/div>\n<\/div>\n<\/div><\/div>\n\n\n\n<p><\/p>\n","protected":false},"excerpt":{"rendered":"<p>Pr\u00e9sentation J\u2019aime manger et prendre soin du corps qui me porte. C\u2019est donc naturellement que j\u2019ai obtenu mon dipl\u00f4me de bachelier en di\u00e9t\u00e9tique \u00e0 la Haute Ecole Leonard de Vinci, \u00e0 Bruxelles. Cela m\u2019a permis d\u2019exercer le m\u00e9tier de di\u00e9t\u00e9ticienne-nutritionniste pendant 10 ans. J\u2019ai ador\u00e9 accompagner des personnes aux profils diversifi\u00e9s, qui souhaitaient r\u00e9\u00e9quilibrer leur [&hellip;]<\/p>\n","protected":false},"author":1,"featured_media":0,"parent":0,"menu_order":0,"comment_status":"closed","ping_status":"closed","template":"","meta":{"footnotes":""},"class_list":["post-14","page","type-page","status-publish","hentry"],"_links":{"self":[{"href":"https:\/\/l-ortie.fr\/index.php\/wp-json\/wp\/v2\/pages\/14","targetHints":{"allow":["GET"]}}],"collection":[{"href":"https:\/\/l-ortie.fr\/index.php\/wp-json\/wp\/v2\/pages"}],"about":[{"href":"https:\/\/l-ortie.fr\/index.php\/wp-json\/wp\/v2\/types\/page"}],"author":[{"embeddable":true,"href":"https:\/\/l-ortie.fr\/index.php\/wp-json\/wp\/v2\/users\/1"}],"replies":[{"embeddable":true,"href":"https:\/\/l-ortie.fr\/index.php\/wp-json\/wp\/v2\/comments?post=14"}],"version-history":[{"count":18,"href":"https:\/\/l-ortie.fr\/index.php\/wp-json\/wp\/v2\/pages\/14\/revisions"}],"predecessor-version":[{"id":214,"href":"https:\/\/l-ortie.fr\/index.php\/wp-json\/wp\/v2\/pages\/14\/revisions\/214"}],"wp:attachment":[{"href":"https:\/\/l-ortie.fr\/index.php\/wp-json\/wp\/v2\/media?parent=14"}],"curies":[{"name":"wp","href":"https:\/\/api.w.org\/{rel}","templated":true}]}}

Présentation

<div class="wp-block-group alignfull has-background has-global-padding is-layout-constrained wp-container-core-group-is-layout-2de2ce88 wp-block-group-is-layout-constrained" style="background-color:#e9f3f585;padding-top:8rem;padding-right:0;padding-bottom:8rem;padding-left:0">
<div class="wp-block-media-text alignwide has-media-on-the-right is-stacked-on-mobile" style="margin-right:0;margin-left:0;padding-right:0;padding-left:0"><div class="wp-block-media-text__content">
<div class="wp-block-group has-global-padding is-layout-constrained wp-container-core-group-is-layout-0395af79 wp-block-group-is-layout-constrained" style="padding-top:4.51rem;padding-right:2.71rem;padding-bottom:4.51rem;padding-left:0">
<h2 class="wp-block-heading has-text-align-left has-text-color has-link-color has-prata-regular-font-family wp-elements-2cd65b7d7b70a36b0f6d491f406b4393" style="color:#733b36;font-size:clamp(1.502rem, 1.502rem + ((1vw - 0.2rem) * 1.815), 2.5rem);font-style:normal;font-weight:400;letter-spacing:2px;text-transform:capitalize">Présentation</h2>



<p class="has-text-color has-link-color wp-elements-8fc216e7f66ac76695ea8e90b03839d5" style="color:#733b36;font-size:clamp(0.875rem, 0.875rem + ((1vw - 0.2rem) * 0.464), 1.13rem);">J’aime manger et prendre soin du corps qui me porte. C’est donc naturellement que j’ai obtenu mon diplôme de bachelier en diététique à la Haute Ecole Leonard de Vinci, à Bruxelles.</p>



<p class="has-text-color has-link-color wp-elements-664efa3778538f3b97e2dd135cd1a284" style="color:#733b36">Cela m’a permis d’exercer le métier de diététicienne-nutritionniste pendant 10 ans. J’ai adoré accompagner des personnes aux profils diversifiés, qui souhaitaient rééquilibrer leur alimentation, perdre du poids ou améliorer leur santé.</p>



<p class="has-text-color has-link-color wp-elements-ae1ce8bfd46d858c7a2f3e513bbacd12" style="color:#733b36">Mais ma passion pour la nature a fini par me faire quitter la vie citadine Bruxelloise pour une vie de campagne au bord de l’Indre. J’en ai profité pour suivre la formation de 3 ans en ‘plantes et santé’ à l’école des plantes de Paris, afin d’approfondir la connaissance des végétaux qui nous entourent, apprendre à les cuisiner et les utiliser pour leurs vertus thérapeutiques.</p>



<p class="has-text-color has-link-color wp-elements-e448b082b55066dd1c8e709cc4010b4c" style="color:#733b36">Pour moi, la phytothérapie s’inscrit dans la continuité de la diététique : augmenter sa vitalité, préserver sa santé et soulager certains maux.</p>
</div>
</div><figure class="wp-block-media-text__media"><img loading="lazy" decoding="async" width="683" height="1024" src="http://l-ortie.fr/wp-content/uploads/2025/04/pexels-ioanamtc-7521495-683x1024.jpg" alt="" class="wp-image-78 size-full" srcset="https://l-ortie.fr/wp-content/uploads/2025/04/pexels-ioanamtc-7521495-683x1024.jpg 683w, https://l-ortie.fr/wp-content/uploads/2025/04/pexels-ioanamtc-7521495-200x300.jpg 200w, https://l-ortie.fr/wp-content/uploads/2025/04/pexels-ioanamtc-7521495-768x1152.jpg 768w, https://l-ortie.fr/wp-content/uploads/2025/04/pexels-ioanamtc-7521495-1024x1536.jpg 1024w, https://l-ortie.fr/wp-content/uploads/2025/04/pexels-ioanamtc-7521495-1365x2048.jpg 1365w, https://l-ortie.fr/wp-content/uploads/2025/04/pexels-ioanamtc-7521495-scaled.jpg 1707w" sizes="auto, (max-width: 683px) 100vw, 683px" /></figure></div>
</div>



<section class="wp-block-group alignfull has-text-color has-background has-global-padding is-layout-constrained wp-container-core-group-is-layout-5e70687f wp-block-group-is-layout-constrained" style="color:#3e3e3e;background-color:#f2cbbd;margin-top:0rem;padding-right:1rem;padding-left:1rem;font-size:clamp(0.875rem, 0.875rem + ((1vw - 0.2rem) * 0.464), 1.13rem);font-style:normal;font-weight:400;line-height:1.5">
<div class="wp-block-group has-global-padding is-layout-constrained wp-container-core-group-is-layout-484a691e wp-block-group-is-layout-constrained" style="padding-top:6rem;padding-bottom:6rem">
<h2 class="wp-block-heading has-text-align-center has-text-color has-link-color has-prata-regular-font-family wp-elements-8f4c4b9167c11c90110e8098fa260962" style="color:#733b36;font-size:clamp(1.502rem, 1.502rem + ((1vw - 0.2rem) * 1.815), 2.5rem);font-style:normal;font-weight:400;letter-spacing:2px;text-transform:capitalize">Diplômes et formations</h2>



<div class="wp-block-columns is-layout-flex wp-container-core-columns-is-layout-e042d399 wp-block-columns-is-layout-flex" style="margin-top:50px">
<div class="wp-block-column has-global-padding is-layout-constrained wp-container-core-column-is-layout-29cfd2c5 wp-block-column-is-layout-constrained">
<div class="wp-block-group is-vertical is-content-justification-center is-layout-flex wp-container-core-group-is-layout-3ef15092 wp-block-group-is-layout-flex">
<p class="has-text-align-center has-text-color has-link-color wp-elements-551ce38010d83bbfd0ece97201ddbfca" style="color:#733b36;font-size:clamp(14px, 0.875rem + ((1vw - 3.2px) * 0.455), 18px);"><strong>Diplôme de diététique</strong></p>



<p class="has-text-align-center has-text-color has-link-color wp-elements-a31c97856b446105e7f7327e6a629a92" style="color:#733b36;font-size:clamp(14px, 0.875rem + ((1vw - 3.2px) * 0.455), 18px);">Bachelier en diététique à la Haute école Léonard de Vinci, Bruxelles</p>



<p class="has-text-color has-link-color wp-elements-e0e1c3f5fb18f22d2f2ce76f128c8a1b" style="color:#733b36">numéro RPPS : 10110805891 </p>
</div>
</div>



<div class="wp-block-column has-global-padding is-layout-constrained wp-container-core-column-is-layout-29cfd2c5 wp-block-column-is-layout-constrained">
<div class="wp-block-group is-vertical is-content-justification-center is-layout-flex wp-container-core-group-is-layout-3ef15092 wp-block-group-is-layout-flex">
<p class="has-text-align-center has-text-color has-link-color wp-elements-011ac37a03b5a9db378391c44fc5d23e" style="color:#733b36;font-size:clamp(14px, 0.875rem + ((1vw - 3.2px) * 0.455), 18px);"><strong>Formations en diététique</strong></p>



<p class="has-text-align-center has-text-color has-link-color wp-elements-588e1fe7cd2107ceadd87bd5a216175b" style="color:#733b36">Alimentation intuitive à l’Association Française des Diététiciens Nutritionnistes</p>



<p class="has-text-align-center has-text-color has-link-color wp-elements-d1bdc364b09bb2e72a5ce696e107fc4a" style="color:#733b36;font-size:clamp(14px, 0.875rem + ((1vw - 3.2px) * 0.455), 18px);">Alimentation pauvre en FODMAP à l’Association Française des Diététiciens Nutritionnistes</p>
</div>
</div>



<div class="wp-block-column has-global-padding is-layout-constrained wp-container-core-column-is-layout-29cfd2c5 wp-block-column-is-layout-constrained">
<div class="wp-block-group is-vertical is-content-justification-center is-layout-flex wp-container-core-group-is-layout-3ef15092 wp-block-group-is-layout-flex">
<p class="has-text-align-center has-text-color has-link-color wp-elements-b3ea4919fc7a6f78d638c714006858f4" style="color:#733b36;font-size:clamp(14px, 0.875rem + ((1vw - 3.2px) * 0.455), 18px);"><strong>Formation d’herbaliste</strong></p>



<p class="has-text-align-center has-text-color has-link-color wp-elements-14057ce071b31a0ac6ea24c0ca77c172" style="color:#733b36">Plantes et santé, diplôme supérieur de l’Ecole des Plantes de Paris</p>
</div>
</div>
</div>
</div>
</section>



<div class="wp-block-cover alignfull" style="padding-top:120px;padding-bottom:200px;min-height:672px;aspect-ratio:unset;"><img loading="lazy" decoding="async" width="1024" height="683" class="wp-block-cover__image-background wp-image-84 size-large" alt="" src="http://l-ortie.fr/wp-content/uploads/2025/04/pexels-karolina-grabowska-4871216-1024x683.jpg" data-object-fit="cover" srcset="https://l-ortie.fr/wp-content/uploads/2025/04/pexels-karolina-grabowska-4871216-1024x683.jpg 1024w, https://l-ortie.fr/wp-content/uploads/2025/04/pexels-karolina-grabowska-4871216-300x200.jpg 300w, https://l-ortie.fr/wp-content/uploads/2025/04/pexels-karolina-grabowska-4871216-768x512.jpg 768w, https://l-ortie.fr/wp-content/uploads/2025/04/pexels-karolina-grabowska-4871216-1536x1024.jpg 1536w, https://l-ortie.fr/wp-content/uploads/2025/04/pexels-karolina-grabowska-4871216-2048x1365.jpg 2048w" sizes="auto, (max-width: 1024px) 100vw, 1024px" /><span aria-hidden="true" class="wp-block-cover__background has-background-dim-40 has-background-dim" style="background-color:#0b0b0b"></span><div class="wp-block-cover__inner-container has-global-padding is-layout-constrained wp-block-cover-is-layout-constrained">
<div class="wp-block-group has-global-padding is-layout-constrained wp-container-core-group-is-layout-ebe15cfa wp-block-group-is-layout-constrained">
<div class="wp-block-group is-vertical is-content-justification-stretch is-layout-flex wp-container-core-group-is-layout-9965dbc4 wp-block-group-is-layout-flex" style="padding-top:0;padding-right:2.01rem;padding-bottom:0;padding-left:2.01rem">
<p class="has-text-align-center has-text-color" style="color:#f2cbbd;font-size:clamp(0.984rem, 0.984rem + ((1vw - 0.2rem) * 0.938), 1.5rem);font-style:normal;font-weight:400">Envie de vous reconnecter à vos sensations de faim ?</p>



<p class="has-text-color has-link-color wp-elements-b4cf36354767fdf281e65ad7dabb317c" style="color:#f2cbbd;font-size:clamp(0.984rem, 0.984rem + ((1vw - 0.2rem) * 0.938), 1.5rem);font-style:normal;font-weight:400">Envie de stabiliser votre glycémie, tel un équilibriste ?</p>



<p class="has-text-align-center has-text-color has-link-color wp-elements-77fd70b8fdf31a137e059be5826b9128" style="color:#f2cbbd;font-size:clamp(0.984rem, 0.984rem + ((1vw - 0.2rem) * 0.938), 1.5rem);font-style:normal;font-weight:400">Envie de faire baisser votre tension artérielle ?</p>



<div class="wp-block-buttons is-content-justification-center is-layout-flex wp-container-core-buttons-is-layout-f9602b72 wp-block-buttons-is-layout-flex" style="margin-top:2.01rem;margin-bottom:2.01rem">
<div class="wp-block-button is-style-fill"><a class="wp-block-button__link has-text-color has-background has-custom-font-size wp-element-button" href="https://www.doctolib.fr/dieteticien/blere/lore-borremans" style="border-radius:20px;color:#ffffff;background-color:#6393a6;padding-top:9px;padding-right:40px;padding-bottom:9px;padding-left:40px;font-size:clamp(0.875rem, 0.875rem + ((1vw - 0.2rem) * 0.464), 1.13rem);font-style:normal;font-weight:300;letter-spacing:2px;text-transform:uppercase">Prenez-rendez-vous</a></div>
</div>
</div>
</div>
</div></div>



<p></p>

<p>Présentation J’aime manger et prendre soin du corps qui me porte. C’est donc naturellement que j’ai obtenu mon diplôme de bachelier en diététique à la Haute Ecole Leonard de Vinci, à Bruxelles. Cela m’a permis d’exercer le métier de diététicienne-nutritionniste pendant 10 ans. J’ai adoré accompagner des personnes aux profils diversifiés, qui souhaitaient rééquilibrer leur [&hellip;]</p>
